late the greatest common factor of g and 42.
14
Suppose 5*b - 99 = -4. Suppose 10*f = 15*f - 1235. Calculate the greatest common divisor of f and b.
19
Suppose z - 11*j = -14*j + 6925, -3*j = 6. Calculate the highest common divisor of 29 and z.
29
Let i = 90 - 86. Suppose 5 = -w - 5*s, 3*s - i = -0*w - 2*w. Suppose -h + 3*h - 4 = 0. What is the greatest common divisor of h and w?
1
Let f(g) = -9*g**3 - 117*g**2 + 7*g + 97. Let l be f(-13). Calculate the highest common factor of 258 and l.
6
Suppose 287 = 8*b - 257. Calculate the greatest common divisor of 3298 and b.
34
Suppose -4*o + 46 + 46 = 3*t, 0 = t + 3*o - 44. What is the greatest common divisor of t and 24940?
20
Let c = 48 + -52. Let j be (100 - c)*(-66)/(-24). What is the greatest common factor of j and 26?
26
Let w(m) = 5*m**2 - 9*m + 16. Let u be w(4). Suppose 0 = b - r - 20, 5*r = 33*b - 38*b + 140. Calculate the greatest common factor of b and u.
12
Let o(q) = -117*q + 2378. Let j be o(19). Calculate the highest common divisor of j and 10.
5
Suppose -42*u + 19327 + 2849 = 0. Suppose 0 = 3*v - 49 - 50. What is the greatest common factor of u and v?
33
Suppose 9*x - x - 48 = 0. Let v be 5 - (-5)/((-10)/x). Suppose 4*a = 3*a + 5*y + 38, 0 = v*a + y - 32. What is the highest common divisor of 144 and a?
18
Suppose -161 = -j + 10*b - 8*b, j = -4*b + 161. Calculate the greatest common divisor of 21 and j.
7
Let z = -4885 - -5327. Calculate the highest common factor of z and 153.
17
Let v be ((-4)/(-2))/((-54)/216). Let a be (4/6)/(v/(-4860)). What is the highest common factor of 81 and a?
81
Suppose 2*d + d = -720. Let h be (-6)/8*d/10. Let c be (0 + (-5 - -20))*(-240)/(-25). What is the greatest common factor of c and h?
18
Let a be 2 - (-4 + 7 + 2). Let d be 1 + (-3 - -4 - a). What is the highest common factor of d and 85?
5
Let v be 2/(-72)*-9 + 4 + (-235)/(-4). Calculate the greatest common divisor of v and 14.
7
Let x = -2890 - -6892. Calculate the highest common divisor of x and 276.
138
Suppose 0 = -188*i + 194*i + 2286. Let z = i + 489. Calculate the greatest common divisor of 162 and z.
54
Let v = 8549 + 2629. What is the highest common factor of 138 and v?
138
Let y(h) = -h**3 + 10*h**2 - 13*h - 24. Let x be y(7). Let k(b) = -96*b. Let s be k(-3). Calculate the greatest common divisor of x and s.
32
Let b = -2514 + 2614. Calculate the greatest common divisor of b and 9700.
100
Suppose -4*i = -2*l - 72, 3*i + 5*l + 1 = 42. Calculate the greatest common factor of 1326 and i.
17
Suppose 3*s - 2*x - 3*x = 90, 5*x - 70 = -5*s. What is the highest common divisor of 1270 and s?
10
Let i(n) = -n**2 - 15*n + 84. Let j be i(-15). Suppose -8*k = -j - 324. Calculate the highest common divisor of 816 and k.
51
Suppose 24*a - 1941 + 551 - 410 = 0. What is the greatest common divisor of 345 and a?
15
Let r be 8*(-2 + 7/2). Let p = r + -2. Suppose 3*v + 2*v + 3*y = 20, p = -2*y. Calculate the highest common factor of 49 and v.
7
Let a = 1 + 5. Let y(u) = u**2 - 6*u - 5. Let k be y(7). Suppose 0 = -k*n + 28 - a. Calculate the greatest common divisor of 55 and n.
11
Let h be ((-294)/(-56))/((-21)/(-476)). What is the highest common divisor of 2618 and h?
119
Suppose -3*l - 4*x = -10 - 1, -l + 10 = -5*x. Suppose 130 - 480 = -l*z. Suppose 15*q - 8*q = 3*q + 40. Calculate the greatest common factor of q and z.
10
Suppose 4*j - 2 = -3*n, 4*n - 5*j = -n + 50. Calculate the greatest common factor of n and 321.
3
Let q be ((-218283)/26)/29*94/(-3). What is the greatest common divisor of 579 and q?
193
Suppose -12 + 2 = -o. Suppose -46 + o = -4*x. Let h = -45 - -63. What is the greatest common factor of h and x?
9
Let s(g) = -2*g**2 - 329*g - 2496. Let b be s(-8). Calculate the highest common divisor of b and 88.
8
Let o = -33 + 37. Let l be (-1)/(1/(-2)*o/(-6)). Let j(f) = 3*f**2 + 6*f + 7. Let i be j(l). What is the highest common factor of i and 8?
8
Suppose w - 4*i - 23 = 25, 3*w + i = 92. Let d(j) = -j**2 - 16*j - 66. Let b be d(-5). Let x = w + b. What is the greatest common factor of 84 and x?
21
Suppose 2*q = 3*u - 13287, -3*q + 22183 = 5*u - 0*q. Calculate the greatest common factor of 143 and u.
143
Suppose -1356 - 1110 - 1574 = -101*a. Calculate the greatest common factor of a and 4040.
40
Let m(w) = w**2 + 9*w + 15. Let u be m(-6). Let b(k) = 68*k**2 + 15. Let g be b(u). What is the highest common factor of 57 and g?
57
Let q(t) = -t**2 - 11*t - 4. Let u be q(-7). Let n(r) = 84*r - 2236. Let g be n(27). Calculate the highest common divisor of g and u.
8
Let k(z) = 2*z**2 + 81*z + 112. Let h be k(-43). What is the greatest common divisor of 1417 and h?
109
Let v be ((-3)/2)/(9/(-12))*(-2)/(-1). What is the highest common divisor of v and 8780?
4
Suppose -5*t - 7312*o + 3927 = -7309*o, -o + 9 = 0. What is the highest common divisor of 7930 and t?
130
Let i be ((1 - (-5)/(-8))*-60)/(4540/(-263320)). Calculate the highest common factor of 35 and i.
5
Let i = 1588 - 1173. Calculate the highest common divisor of 35 and i.
5
Suppose -x = -v + 12, -2*x + 22 = 3*v - 9. Let c be -27 + 32 - (-180 + -6 + 4). Calculate the highest common divisor of v and c.
11
Let c(a) = a**2 + a - 30. Let q be c(5). Suppose 0*o - o - p + 70 = q, -4 = -p. What is the greatest common divisor of o and 12?
6
Let d(m) = 4*m**2 + 13*m + 21. Let r be d(-6). Calculate the highest common factor of r and 2784.
87
Let x be -18*((-1)/3 - 0). Suppose 2*z - 2*r - 24 = x, 0 = -2*r - 8. Suppose -l = -z - 1. Calculate the greatest common divisor of l and 30.
6
Let i(a) = 9*a - 13. Let d be i(7). Suppose 132 = 4*s - w, -5*w = -2*s + 106 - 22. Suppose s*c - 125 = 27*c. What is the greatest common divisor of c and d?
25
Let g(c) = 9*c**2 - 84*c - 48. Let j be g(10). What is the greatest common divisor of j and 1308?
12
Suppose -33*v + 32*v = -172. Let s(h) = -82 - 85 + 11*h**2 - 5*h + v. Let b be s(4). What is the greatest common divisor of b and 7?
7
Let s = 1301 - 1154. Let f be (-56)/4*(0/(-3) - 7). Calculate the highest common divisor of s and f.
49
Let w be 53 + (12 - 5) - (3 + -3). Calculate the highest common factor of w and 516.
12
Let f = -19 + 159. Let a(w) = -2*w + 30. Let d be a(4). Suppose -4*o = 11*c - 10*c - d, 3*c - 46 = -2*o. Calculate the greatest common factor of c and f.
14
Suppose 1076 = 2*s + 4*x, 227*s + 5*x = 229*s - 1031. Calculate the highest common divisor of 198 and s.
66
Let y = -216 - -153. Let r be (-1)/(4 + y/15 - 0). Let m(l) = -l**3 - 8*l**2 + 9*l + 10. Let i be m(-9). Calculate the highest common divisor of r and i.
5
Let p(l) = 25*l**2 - 22*l - 32. Let f be p(-3). What is the highest common divisor of f and 1406?
37
Let k(d) = d**3 + 18*d**2 - 2*d + 36. Let u be k(-18). Let j be 987/18 + 12/u. What is the greatest common factor of j and 22?
11
Suppose 38 = 5*h - 2*p - 154, -p - 156 = -4*h. Let o(u) = u**2 - 311*u + 7948. Let s be o(283). What is the highest common factor of s and h?
8
Suppose -110 = -22*d + 110. Let q(a) = 2*a**3 - a**3 - 2*a**2 + 11*a + 8 + 0*a**2 - 9*a**2. Let l be q(d). What is the highest common factor of l and 27?
9
Suppose 35*n - 7178 = 1012. What is the highest common divisor of 1157 and n?
13
Let g(d) = -d**2 - 21*d - 20. Let p be g(-15). Let x be 42/12 + 2 - (-6)/4. Suppose -81 = -x*r + 17. What is the highest common factor of p and r?
14
Let r be 145 + -96 + (-6)/(-2). What is the highest common divisor of 52 and r?
52
Let n be 230/60 + -4 + -2773*(-3)/18. Calculate the highest common divisor of n and 56.
14
Let h = 129 + -59. Suppose 0 = 7*k - 4*k - 24. Suppose 2*s = -2*g + 18, 0 = -5*g + k*g + 3. Calculate the greatest common divisor of s and h.
10
Let x = -163 - -170. Suppose 0 = 2*d - 4*s - 344, x*s + 349 = 2*d + 8*s. Calculate the greatest common factor of d and 116.
58
Suppose 204*h = 207*h + 180. Let v be 2970/h*(-2 + -5 + 1). What is the highest common factor of v and 22?
11
Suppose 4*j - 3*j = 1. Let n be (-1)/5 - 5/(-25)*1. Suppose -5*h - s + 65 = s, n = h - 4*s + 9. Calculate the greatest common divisor of j and h.
1
Let n = 122 + 18. Let a be 7 + -3 + -5 + -1. Let m be 78/(-13) - (-60 + a). What is the highest common divisor of m and n?
28
Suppose -15*j + 27*j - 384 = 0. Suppose j*l - 36*l + 204 = 0. Calculate the greatest common factor of 68 and l.
17
Let q 